 divided by 49?
3
Calculate the remainder when 467 is divided by 82.
57
What is the remainder when 107 is divided by 56?
51
What is the remainder when 176 is divided by 46?
38
Calculate the remainder when 392 is divided by 194.
4
Calculate the remainder when 10455 is divided by 18.
15
What is the remainder when 45 is divided by 36?
9
Calculate the remainder when 483 is divided by 98.
91
What is the remainder when 335 is divided by 13?
10
Calculate the remainder when 3272 is divided by 1634.
4
Calculate the remainder when 4210 is divided by 26.
24
What is the remainder when 3869 is divided by 49?
47
What is the remainder when 196 is divided by 18?
16
What is the remainder when 1022 is divided by 509?
4
What is the remainder when 626 is divided by 91?
80
Calculate the remainder when 633 is divided by 210.
3
What is the remainder when 159 is divided by 154?
5
Calculate the remainder when 391 is divided by 35.
6
What is the remainder when 569 is divided by 189?
2
Calculate the remainder when 198 is divided by 41.
34
Calculate the remainder when 81 is divided by 27.
0
What is the remainder when 147 is divided by 75?
72
What is the remainder when 44 is divided by 18?
8
Calculate the remainder when 1864 is divided by 124.
4
What is the remainder when 271 is divided by 40?
31
What is the remainder when 168 is divided by 150?
18
What is the remainder when 101 is divided by 21?
17
What is the remainder when 23 is divided by 6?
5
What is the remainder when 188 is divided by 49?
41
Calculate the remainder when 4701 is divided by 12.
9
What is the remainder when 288 is divided by 29?
27
What is the remainder when 1037 is divided by 118?
93
What is the remainder when 270 is divided by 58?
38
What is the remainder when 1196 is divided by 109?
106
What is the remainder when 710 is divided by 44?
6
What is the remainder when 84 is divided by 26?
6
What is the remainder when 115 is divided by 39?
37
Calculate the remainder when 142 is divided by 64.
14
Calculate the remainder when 153 is divided by 12.
9
What is the remainder when 3886 is divided by 16?
14
What is the remainder when 927 is divided by 114?
15
What is the remainder when 250 is divided by 123?
4
What is the remainder when 253 is divided by 52?
45
What is the remainder when 2938 is divided by 146?
18
Calculate the remainder when 473 is divided by 473.
0
Calculate the remainder when 54 is divided by 3.
0
Calculate the remainder when 664 is divided by 77.
48
What is the remainder when 500 is divided by 64?
52
What is the remainder when 540 is divided by 527?
13
Calculate the remainder when 412 is divided by 46.
44
Calculate the remainder when 396 is divided by 390.
6
Calculate the remainder when 87 is divided by 2.
1
Calculate the remainder when 39 is divided by 11.
6
Calculate the remainder when 1630 is divided by 142.
68
Calculate the remainder when 107 is divided by 70.
37
What is the remainder when 3022 is divided by 56?
54
Calculate the remainder when 520 is divided by 239.
42
Calculate the remainder when 9571 is divided by 36.
31
Calculate the remainder when 398 is divided by 25.
23
Calculate the remainder when 2235 is divided by 43.
42
What is the remainder when 1175 is divided by 167?
6
What is the remainder when 997 is divided by 114?
85
Calculate the remainder when 1491 is divided by 310.
251
What is the remainder when 18167 is divided by 115?
112
Calculate the remainder when 35 is divided by 7.
0
What is the remainder when 374 is divided by 94?
92
Calculate the remainder when 3119 is divided by 48.
47
Calculate the remainder when 1361 is divided by 230.
211
What is the remainder when 8598 is divided by 50?
48
What is the remainder when 834 is divided by 22?
20
Calculate the remainder when 40 is divided by 24.
16
Calculate the remainder when 1975 is divided by 86.
83
Calculate the remainder when 14 is divided by 3.
2
What is the remainder when 170 is divided by 63?
44
What is the remainder when 61 is divided by 9?
7
Calculate the remainder when 325 is divided by 82.
79
What is the remainder when 297 is divided by 30?
27
What is the remainder when 66 is divided by 25?
16
What is the remainder when 582 is divided by 11?
10
Calculate the remainder when 2372 is divided by 36.
32
What is the remainder when 296 is divided by 172?
124
What is the remainder when 135 is divided by 14?
9
Calculate the remainder when 1026 is divided by 335.
21
What is the remainder when 2869 is divided by 31?
17
What is the remainder when 10583 is divided by 70?
13
Calculate the remainder when 34 is divided by 22.
12
What is the remainder when 432 is divided by 2?
0
Calculate the remainder when 57 is divided by 6.
3
Calculate the remainder when 2664 is divided by 29.
25
Calculate the remainder when 638 is divided by 71.
70
What is the remainder when 312 is divided by 143?
26
What is the remainder when 239 is divided by 21?
8
What is the remainder when 3760 is divided by 57?
55
What is the remainder when 25704 is divided by 16?
8
Calculate the remainder when 220 is divided by 2.
0
Calculate the remainder when 3438 is divided by 22.
6
What is the remainder when 136 is divided by 72?
64
What is the remainder when 1822 is divided by 12?
10
Calculate the remainder when 2083 is divided by 56.
11
What is the remainder when 199 is divided by 25?
24
What is the remainder when 2315 is divided by 12?
11
Calculate the remainder when 82 is divided by 16.
2
Calculate the remainder when 759 is divided by 367.
25
Calculate the remainder when 7138 is divided by 255.
253
Calculate the remainder when 179 is divided by 26.
23
Calculate the remainder when 63 is divided by 54.
9
What is the remainder when 5175 is divided by 73?
65
Calculate the remainder when 249 is divided by 8.
1
What is the remainder when 2365 is divided by 564?
109
Calculate the remainder when 980 is divided by 66.
56
What is the remainder when 844 is divided by 16?
12
Calculate the remainder when 47 is divided by 10.
7
Calculate the remainder when 90 is divided by 19.
14
What is the remainder when 102 is divided by 4?
2
Calculate the remainder when 1823 is divided by 602.
17
Calculate the remainder when 638 is divided by 32.
30
What is the remainder when 200 is divided by 54?
38
Calculate the remainder when 1423 is divided by 31.
28
What is the remainder when 1067 is divided by 263?
15
Calculate the remainder when 2023 is divided by 1004.
15
Calculate the remainder when 10582 is divided by 145.
142
Calculate the remainder when 148 is divided by 23.
10
Calculate the remainder when 20021 is divided by 142.
141
What is the remainder when 2877 is divided by 64?
61
Calculate the remainder when 163 is divided by 24.
19
Calculate the remainder when 37 is divided by 10.
7
Calculate the remainder when 70 is divided by 47.
23
What is the remainder when 167 is divided by 28?
27
What is the remainder when 219 is divided by 49?
23
Calculate the remainder when 151 is divided by 7.
4
Calculate the remainder when 2039 is divided by 34.
33
Calculate the remainder when 169 is divided by 86.
83
What is the remainder when 1234 is divided by 247?
246
What is the remainder when 786 is divided by 256?
18
Calculate the remainder when 1317 is divided by 147.
141
What is the remainder when 1908 is divided by 79?
12
What is the remainder when 944 is divided by 86?
84
What is the remainder when 24883 is divided by 366?
361
What is the remainder when 686 is divided by 192?
110
Calculate the remainder when 13243 is divided by 172.
171
What is the remainder when 1094 is divided by 12?
2
Calculate the remainder when 1008 is divided by 147.
126
Calculate the remainder when 198 is divided by 33.
0
Calculate the remainder when 137 is divided by 14.
11
Calculate the remainder when 4050 is divided by 193.
190
Calculate the remainder when 952 is divided by 208.
120
Calculate the remainder when 4835 is divided by 82.
79
Calculate the remainder when 432 is divided by 108.
0
Calculate the remainder when 442 is divided by 94.
66
Calculate the remainder when 233 is divided by 47.
45
Calculate the remainder when 3274 is divided by 73.
62
What is the remainder when 432 is divided by 4?
0
Calculate the remainder when 747 is divided by 17.
16
Calculate the remainder when 1281 is divided by 476.
329
Calculate 